{"id":230,"date":"2014-11-02T23:06:58","date_gmt":"2014-11-02T22:06:58","guid":{"rendered":"http:\/\/rechtsanwalt-roeske.de\/?page_id=230"},"modified":"2014-11-05T17:25:37","modified_gmt":"2014-11-05T16:25:37","slug":"datenschutzerklaerung","status":"publish","type":"page","link":"https:\/\/rechtsanwalt-roeske.de\/?page_id=230","title":{"rendered":"Datenschutzerkl\u00e4rung"},"content":{"rendered":"<p>Bei jedem Aufrufen meiner Webseite und bei jedem Dateiabruf werden vor\u00fcbergehend nachfolgend aufgef\u00fchrte Daten \u00fcber diesen Vorgang in einer Protokolldatei gespeichert und verarbeitet.<\/p>\n<ul>\n<li>anonymisierte IP-Adresse,<\/li>\n<li>Datum und Uhrzeit,<\/li>\n<li>aufgerufene Seite\/Name der abgerufenen Datei,<\/li>\n<li>\u00fcbertragene Datenmenge,<\/li>\n<li>Meldung, ob der Zugriff\/Abruf erfolgreich war.<\/li>\n<\/ul>\n<p>Die Speicherung\/Verarbeitung erfolgt lediglich f\u00fcr statistische Zwecke und zur Verbesserung des Angebots; danach werden die Daten gel\u00f6scht. Weder eine andere Verwendung noch Weitergabe an Dritte erfolgt.<\/p>\n<p>Beim Aufruf einzelner Seiten werden so genannte tempor\u00e4re Cookies verwendet, um die Navigation zu erleichtern. Diese Session Cookies beinhalten keine personenbezogenen Daten und verfallen nach Ablauf der Sitzung.<\/p>\n","protected":false},"excerpt":{"rendered":"<p>Bei jedem Aufrufen meiner Webseite und bei jedem Dateiabruf werden vor\u00fcbergehend nachfolgend aufgef\u00fchrte Daten \u00fcber diesen Vorgang in einer Protokolldatei gespeichert und verarbeitet. anonymisierte IP-Adresse, Datum und Uhrzeit, aufgerufene Seite\/Name der abgerufenen Datei, \u00fcbertragene Datenmenge, Meldung, ob der Zugriff\/Abruf erfolgreich war. Die Speicherung\/Verarbeitung erfolgt lediglich f\u00fcr statistische Zwecke und zur Verbesserung des Angebots; danach werden die Daten gel\u00f6scht. Weder eine andere Verwendung noch Weitergabe an Dritte erfolgt. Beim Aufruf einzelner Seiten werden so genannte tempor\u00e4re Cookies verwendet, um die Navigation zu erleichtern. Diese Session Cookies beinhalten keine personenbezogenen Daten und verfallen nach Ablauf der Sitzung.<\/p>\n","protected":false},"author":1,"featured_media":0,"parent":0,"menu_order":0,"comment_status":"closed","ping_status":"closed","template":"","meta":{"footnotes":""},"class_list":["post-230","page","type-page","status-publish","czr-hentry"],"_links":{"self":[{"href":"https:\/\/rechtsanwalt-roeske.de\/index.php?rest_route=\/wp\/v2\/pages\/230","targetHints":{"allow":["GET"]}}],"collection":[{"href":"https:\/\/rechtsanwalt-roeske.de\/index.php?rest_route=\/wp\/v2\/pages"}],"about":[{"href":"https:\/\/rechtsanwalt-roeske.de\/index.php?rest_route=\/wp\/v2\/types\/page"}],"author":[{"embeddable":true,"href":"https:\/\/rechtsanwalt-roeske.de\/index.php?rest_route=\/wp\/v2\/users\/1"}],"replies":[{"embeddable":true,"href":"https:\/\/rechtsanwalt-roeske.de\/index.php?rest_route=%2Fwp%2Fv2%2Fcomments&post=230"}],"version-history":[{"count":1,"href":"https:\/\/rechtsanwalt-roeske.de\/index.php?rest_route=\/wp\/v2\/pages\/230\/revisions"}],"predecessor-version":[{"id":231,"href":"https:\/\/rechtsanwalt-roeske.de\/index.php?rest_route=\/wp\/v2\/pages\/230\/revisions\/231"}],"wp:attachment":[{"href":"https:\/\/rechtsanwalt-roeske.de\/index.php?rest_route=%2Fwp%2Fv2%2Fmedia&parent=230"}],"curies":[{"name":"wp","href":"https:\/\/api.w.org\/{rel}","templated":true}]}}